{"id":37818,"date":"2017-10-07T21:22:09","date_gmt":"2017-10-07T21:22:09","guid":{"rendered":"http:\/\/monta\u00f1asdelaluna.com\/?post_type=dt_gallery&#038;p=37818"},"modified":"2021-07-06T10:00:09","modified_gmt":"2021-07-06T10:00:09","slug":"ibon-de-baguena-en-los-picos-de-eriste-2","status":"publish","type":"dt_gallery","link":"https:\/\/www.monta\u00f1asdelaluna.es\/?dt_gallery=ibon-de-baguena-en-los-picos-de-eriste-2","title":{"rendered":"Ib\u00f3n de Bag\u00fce\u00f1a en los Picos de Eriste"},"content":{"rendered":"","protected":false},"excerpt":{"rendered":"","protected":false},"author":1,"featured_media":0,"comment_status":"closed","ping_status":"closed","template":"","dt_gallery_category":[106],"class_list":{"0":"post-37818","1":"dt_gallery","2":"type-dt_gallery","3":"status-publish","4":"hentry","5":"dt_gallery_category-106","7":"description-off"},"_links":{"self":[{"href":"https:\/\/www.monta\u00f1asdelaluna.es\/index.php?rest_route=\/wp\/v2\/dt_gallery\/37818","targetHints":{"allow":["GET"]}}],"collection":[{"href":"https:\/\/www.monta\u00f1asdelaluna.es\/index.php?rest_route=\/wp\/v2\/dt_gallery"}],"about":[{"href":"https:\/\/www.monta\u00f1asdelaluna.es\/index.php?rest_route=\/wp\/v2\/types\/dt_gallery"}],"author":[{"embeddable":true,"href":"https:\/\/www.monta\u00f1asdelaluna.es\/index.php?rest_route=\/wp\/v2\/users\/1"}],"replies":[{"embeddable":true,"href":"https:\/\/www.monta\u00f1asdelaluna.es\/index.php?rest_route=%2Fwp%2Fv2%2Fcomments&post=37818"}],"version-history":[{"count":2,"href":"https:\/\/www.monta\u00f1asdelaluna.es\/index.php?rest_route=\/wp\/v2\/dt_gallery\/37818\/revisions"}],"predecessor-version":[{"id":48519,"href":"https:\/\/www.monta\u00f1asdelaluna.es\/index.php?rest_route=\/wp\/v2\/dt_gallery\/37818\/revisions\/48519"}],"wp:attachment":[{"href":"https:\/\/www.monta\u00f1asdelaluna.es\/index.php?rest_route=%2Fwp%2Fv2%2Fmedia&parent=37818"}],"wp:term":[{"taxonomy":"dt_gallery_category","embeddable":true,"href":"https:\/\/www.monta\u00f1asdelaluna.es\/index.php?rest_route=%2Fwp%2Fv2%2Fdt_gallery_category&post=37818"}],"curies":[{"name":"wp","href":"https:\/\/api.w.org\/{rel}","templated":true}]}}

http://montañasdelaluna.com/?post_type=dt_gallery&#038;p=37818

https://www.montañasdelaluna.es/?dt_gallery=ibon-de-baguena-en-los-picos-de-eriste-2

Ibón de Bagüeña en los Picos de Eriste

https://www.montañasdelaluna.es/index.php?rest_route=/wp/v2/dt_gallery/37818

https://www.montañasdelaluna.es/index.php?rest_route=/wp/v2/dt_gallery

https://www.montañasdelaluna.es/index.php?rest_route=/wp/v2/types/dt_gallery

https://www.montañasdelaluna.es/index.php?rest_route=/wp/v2/users/1

https://www.montañasdelaluna.es/index.php?rest_route=%2Fwp%2Fv2%2Fcomments&post=37818

https://www.montañasdelaluna.es/index.php?rest_route=/wp/v2/dt_gallery/37818/revisions

https://www.montañasdelaluna.es/index.php?rest_route=/wp/v2/dt_gallery/37818/revisions/48519

https://www.montañasdelaluna.es/index.php?rest_route=%2Fwp%2Fv2%2Fmedia&parent=37818

https://www.montañasdelaluna.es/index.php?rest_route=%2Fwp%2Fv2%2Fdt_gallery_category&post=37818
