{"id":14940,"date":"2015-07-22T19:22:14","date_gmt":"2015-07-22T19:22:14","guid":{"rendered":"http:\/\/monta\u00f1asdelaluna.com\/?page_id=14940"},"modified":"2021-11-26T17:32:56","modified_gmt":"2021-11-26T17:32:56","slug":"pirineos","status":"publish","type":"page","link":"https:\/\/www.monta\u00f1asdelaluna.es\/?page_id=14940","title":{"rendered":"Pirineos"},"content":{"rendered":"<p>[vc_row][vc_column][vc_column_text]Los Pirineos es la cordillera m\u00e1s emblem\u00e1tica y espectacular de la pen\u00ednsula ib\u00e9rica y del sureste europeo. Ya no por su fama si no por su continuidad y morfolog\u00eda, que la hicieron intransitable, inh\u00f3spita y casi salvaje desde que se comenz\u00f3 a habitar. Es frontera y uni\u00f3n de culturas y naciones; alberga un peque\u00f1o pa\u00eds en su seno como es Andorra incluso. Y con sus altos y escarpados collados, y con los m\u00e1s de 200 picos que sobrepasan los tres mil metros, fu\u00e9 una cordillera\u00a0 de desafiante perfil a la hora de atravesarla o habitarla. El Aneto es el pico m\u00e1s alto a 3.404 metros de altura. Y su extensi\u00f3n y geograf\u00eda propicia climas y regiones tan diferentes y hermosos como los cercanos al Mediterr\u00e1neo, o los m\u00e1s selv\u00e1ticos cercanos al Cant\u00e1brico. A la vez a\u00fan se pueden contemplar agonizantes glaciares del tipo que lleva su nombre: pirenaico, en los macizos m\u00e1s altos: Montes Malditos, Monte Perdido, Vignemale\u2026 y valles frondosos, verdes y casi intactos como Aig\u00fcestortes, Ordesa\u2026 Es una gran cordillera m\u00edtica y hermosa que no nos dejaremos de recorrer y admirar, as\u00ed como ascender a sus escarpados y \u00fanicos miradores a m\u00e1s de tres mil metros.[\/vc_column_text][vc_empty_space height=\u00bb30px\u00bb][vc_separator][vc_empty_space height=\u00bb30px\u00bb][\/vc_column][\/vc_row][vc_row][vc_column width=\u00bb1\/2&#8243;][vc_single_image image=\u00bb21726&#8243; img_size=\u00bbfull\u00bb css_animation=\u00bbpulse\u00bb image_hovers=\u00bbfalse\u00bb][\/vc_column][vc_column width=\u00bb1\/2&#8243;][vc_custom_heading text=\u00bbPirineo Catal\u00e1n\u00bb use_theme_fonts=\u00bbyes\u00bb link=\u00bburl:https%3A%2F%2Fmonta%C3%B1asdelaluna.es%2F%3Fpage_id%3D14944|title:Pirineo%20Catal%C3%A1n\u00bb][vc_empty_space height=\u00bb20px\u00bb][vc_column_text]El Pirineo Catal\u00e1n se puede dividir en dos partes con el gran valle, altiplano de La Cerdanya como frontera de esa divisi\u00f3n: a la derecha y hasta el Mar Mediterr\u00e1neo ser\u00eda el Pirineo Oriental con el Puigmal y Bastiments como altitudes m\u00e1s notables del mismo, acabar\u00eda en el Mar Mediterr\u00e1neo en el volc\u00e1nico terreno del Cap de Creus, y el emblem\u00e1tico Canig\u00f3 ser\u00eda el \u00faltimo dos mil (2.786 mts.) del Pirineo hac\u00eda el susodicho mar. El Prepirineo (calizas), (interior y exterior aparecen unidos en una sola denominaci\u00f3n geogr\u00e1fica) sigue casi adosado al axial (granitos) en su parte norte, siendo una de sus sierras m\u00e1s formidables y llamativas la Cad\u00ed-Moixer\u00f3. El resto del Pirineo Catal\u00e1n que va desde La Cerdanya a la frontera con Huesca, podr\u00eda decirse tambi\u00e9n que podr\u00eda formar parte del Pirineo Central a\u00fan con relieves y cimas escarpadas de m\u00e1s de tres mil metros de altura. Su cima m\u00e1s alta es la Pica d\u2019Estats (3.143 mts.) entre los valles de Vallferrera y de La Ribera de Card\u00f3s. Alberga el lago de monta\u00f1a (estany) m\u00e1s grande del Pirineo (Certasc\u00e1n) y la zona donde m\u00e1s lagos de alta monta\u00f1a se agrupan de todo el Pirineo (P.N. de Aig\u00fcestortes i Estany Sant Maurici contando el sur del Valle de Ar\u00e1n)\u2026 hablando del Valle de Ar\u00e1n hay que destacar que es el \u00fanico valle que mira al norte del Estado Espa\u00f1ol, y su peculiar y hermosa fisionom\u00eda caracter\u00edstica de una erosi\u00f3n glaciar profunda, le hacen un rinc\u00f3n precioso y fabuloso de la cordillera.[\/vc_column_text][vc_empty_space height=\u00bb20px\u00bb][vc_btn title=\u00bbEntrar\u00bb style=\u00bbflat\u00bb color=\u00bbwarning\u00bb link=\u00bburl:https%3A%2F%2Fmonta%C3%B1asdelaluna.es%2F%3Fpage_id%3D14944|title:Pirineo%20Catal%C3%A1n\u00bb][\/vc_column][\/vc_row][vc_row][vc_column][vc_empty_space height=\u00bb30px\u00bb]<div class=\"hr-thin style-line\" style=\"width: 100%;border-color: #dddddd;border-top-width: 1px;\"><\/div>[vc_empty_space height=\u00bb30px\u00bb][\/vc_column][\/vc_row][vc_row][vc_column width=\u00bb1\/2&#8243;][vc_single_image image=\u00bb21728&#8243; img_size=\u00bbfull\u00bb css_animation=\u00bbpulse\u00bb image_hovers=\u00bbfalse\u00bb][\/vc_column][vc_column width=\u00bb1\/2&#8243;][vc_custom_heading text=\u00bbPirineo Central\u00bb use_theme_fonts=\u00bbyes\u00bb link=\u00bburl:https%3A%2F%2Fwww.monta%C3%B1asdelaluna.es%2F%3Fpage_id%3D51279|title:Pirineo%20Central\u00bb][vc_empty_space height=\u00bb20px\u00bb][vc_column_text]El Pirineo Central o de Huesca es la parte de la cordillera m\u00e1s espectacular y altiva de la misma. Alberga sus picos m\u00e1s altos (Aneto, Posets, Monte Perdido\u2026) y a la vez es la parte de la cordillera m\u00e1s ancha de norte a sur. Tiene una morfolog\u00eda curiosa que la hace impresionante casi en su centro: el Prepirineo Interior (roca caliza, m\u00e1s blanda) (Monte Perdido) se une o casi se mezcla con el Pirineo Axial (granitos, pizarra, roca m\u00e1s dura) (Aneto, Posets\u2026) dando a lugar a formas extra\u00f1as y diferenciadas tanto en sus rocas como monta\u00f1as y valles, siendo las monta\u00f1as de granito m\u00e1s escarpadas, agrestes pero los valles de caliza son los m\u00e1s cortados y espectaculares. Cabe distinguir la fuerte erosi\u00f3n glaciar que tuvieron estos valles (Ordesa, Pineta) y circos (Gavarnie) que les confirieron de una incre\u00edble belleza y sobrecogedora verticalidad con sus paredes que fueran modelados por \u00e9stos. Belleza y grandiosidad es lo que define a esta cordillera.[\/vc_column_text][vc_empty_space height=\u00bb20px\u00bb][vc_btn title=\u00bbEntrar\u00bb style=\u00bbflat\u00bb color=\u00bbwarning\u00bb link=\u00bburl:https%3A%2F%2Fwww.monta%C3%B1asdelaluna.es%2F%3Fpage_id%3D51279|title:Pirineo%20Central\u00bb][\/vc_column][\/vc_row][vc_row][vc_column][vc_empty_space height=\u00bb30px\u00bb]<div class=\"hr-thin style-line\" style=\"width: 100%;border-color: #dddddd;border-top-width: 1px;\"><\/div>[vc_empty_space height=\u00bb30px\u00bb][\/vc_column][\/vc_row][vc_row][vc_column width=\u00bb1\/2&#8243;][vc_single_image image=\u00bb21730&#8243; img_size=\u00bbfull\u00bb css_animation=\u00bbpulse\u00bb image_hovers=\u00bbfalse\u00bb][\/vc_column][vc_column width=\u00bb1\/2&#8243;][vc_custom_heading text=\u00bbPirineo Navarro\u00bb use_theme_fonts=\u00bbyes\u00bb link=\u00bburl:https%3A%2F%2Fmonta%C3%B1asdelaluna.es%2F%3Fpage_id%3D14947|title:Pirineo%20Navarro\u00bb][vc_empty_space height=\u00bb20px\u00bb][vc_column_text]El Pirineo Navarro u Occidental es la parte m\u00e1s baja, menos escarpada y espectacular de la cordillera. Pero lo compensa con su gran diversidad natural, con un clima atl\u00e1ntico que le proporciona las condiciones id\u00f3neas para los bosques de frondosas, teniendo uno de los hayedos mejor conservados de toda la Europa Occidental (La Selva de Iraty) y otras masas boscosas, vegetales con alta pluviometr\u00eda y muy bien conservadas. Cabe destacar el Valle de Roncal como una hendidura larga y profunda de norte a sur que acaba en el alto Valle de Belagua y en el calc\u00e1reo Macizo de Larra, monta\u00f1a que alberga las mayores altitudes de la zona (Mesa de los Tres Reyes, Pic d\u2019Anie\u2026). El Pic d\u2019Orhy (2.017 mts.) ser\u00eda el primer dosmil de la cordillera desde el Cant\u00e1brico. Tambi\u00e9n separa la verde y h\u00fameda regi\u00f3n del Bazt\u00e1n (al norte de Navarra) del resto de la comunidad, d\u00e1ndole un toque diferenciador en cuanto a clima y cultura. Hac\u00eda el oeste baja mucho su altitud y se mezcla con los Montes Vascos muy cerca de la frontera con esta comunidad.[\/vc_column_text][vc_empty_space height=\u00bb20px\u00bb][vc_btn title=\u00bbEntrar\u00bb style=\u00bbflat\u00bb color=\u00bbwarning\u00bb link=\u00bburl:https%3A%2F%2Fmonta%C3%B1asdelaluna.es%2F%3Fpage_id%3D14947&#8243;][\/vc_column][\/vc_row][vc_row][vc_column][vc_empty_space height=\u00bb30px\u00bb]<div class=\"hr-thin style-line\" style=\"width: 100%;border-top-width: 1px;\"><\/div>[vc_empty_space height=\u00bb30px\u00bb][\/vc_column][\/vc_row][vc_row][vc_column width=\u00bb1\/2&#8243;][vc_single_image image=\u00bb29181&#8243; img_size=\u00bbfull\u00bb css_animation=\u00bbpulse\u00bb image_hovers=\u00bbfalse\u00bb][\/vc_column][vc_column width=\u00bb1\/2&#8243;][vc_custom_heading text=\u00bbPirineo franc\u00e9s y Andorra\u00bb use_theme_fonts=\u00bbyes\u00bb link=\u00bburl:https%3A%2F%2Fmonta%C3%B1asdelaluna.es%2F%3Fpage_id%3D29173|title:Pirineo%20franc%C3%A9s%20y%20Andorra\u00bb][vc_empty_space height=\u00bb20px\u00bb][vc_column_text]En esta secci\u00f3n sobre el Pirineo entraran todas aquellas monta\u00f1as, recorridos y actividades que no se encuentren en el resto de secciones propias del Pirineo. Por ejemplo estar\u00e1n aquellas que se realicen enteramente en suelo franc\u00e9s salvo aquellas ascensiones, recorridos o actividades que se realicen en macizos compartidos entre Francia y el territorio espa\u00f1ol, entonces \u00e9stas aparecer\u00e1n en las secciones anteriores. Tambi\u00e9n entran todos los recorridos dentro del Principado de Andorra, y los compartidos entre este pa\u00eds y los territorios de Espa\u00f1a y Francia. As\u00ed que podr\u00edamos encontrar ascensiones como al Pic du Midi d\u2019Ossau, macizo del Neouvielle-Pico Long, Circo de Cambre d\u2019Aze (que aunque pertenezca al fronterizo macizo del Puigmal, el recorrido y actividad se realiza enteramente en suelo franc\u00e9s)\u2026 y todas las monta\u00f1as que se encuentran en territorio andorrano o lo comparten. Cabe destacar los magn\u00edficos y bellos lugares de Andorra, con sus angulosos y hermosos valles de alta monta\u00f1a, plagados, a su vez en muchas ocasiones, de estaciones y pistas de esqu\u00ed. Aparece como un peque\u00f1o laberinto de alturas y rincones donde monta\u00f1as que no llegan a los 3.000 metros y pasos de m\u00e1s de 2.500 metros guardan sus inh\u00f3spitas fronteras.[\/vc_column_text][vc_empty_space height=\u00bb20px\u00bb][vc_btn title=\u00bbEntrar\u00bb style=\u00bbflat\u00bb color=\u00bbwarning\u00bb link=\u00bburl:https%3A%2F%2Fmonta%C3%B1asdelaluna.es%2F%3Fpage_id%3D29173|title:Pirineo%20franc%C3%A9s%20y%20Andorra\u00bb][\/vc_column][\/vc_row][vc_row][vc_column][vc_empty_space height=\u00bb30px\u00bb]<div class=\"hr-thin style-line\" style=\"width: 100%;border-top-width: 1px;\"><\/div>[vc_empty_space height=\u00bb30px\u00bb][\/vc_column][\/vc_row][vc_row][vc_column width=\u00bb1\/2&#8243;][vc_single_image image=\u00bb21738&#8243; img_size=\u00bbfull\u00bb css_animation=\u00bbpulse\u00bb image_hovers=\u00bbfalse\u00bb][\/vc_column][vc_column width=\u00bb1\/2&#8243;][vc_custom_heading text=\u00bbPorta del Cel\u00bb use_theme_fonts=\u00bbyes\u00bb link=\u00bburl:https%3A%2F%2Fmonta%C3%B1asdelaluna.es%2F%3Fpage_id%3D18023|title:Porta%20del%20Cel\u00bb][vc_empty_space height=\u00bb20px\u00bb][vc_column_text]La Porta del Cel es una traves\u00eda de alta monta\u00f1a de varias etapas (las normales son 5 etapas) de especial esfuerzo y dificultad que recorre los collados m\u00e1s altos y algunos de sus picos (como el Certasc\u00e1n de 2.853 mts.) entre el Pirineo Catal\u00e1n, cercano a los Valles de la Ribera de Card\u00f3s, Vallferrera y el Pirineo Franc\u00e9s al norte del macizo de la Pica d&#8217;Estats. La mitad de dos etapas se realizan en dicho Pirineo Franc\u00e9s (Refugio de Pinet) y el resto son refugios catalanes (Tavasc\u00e1n, Graus, Certasc\u00e1n, Vallferrera). Es optativo subir al picos m\u00e1s alto de la zona y del Pirineo Catal\u00e1n que queda muy cerca del recorrido (La Pica d&#8217;Estats, 3.143 mts.) y es muy recomendable llevarse un GPS sobre todo para la parte francesa del recorrido que est\u00e1 menos o nada se\u00f1alizado y suele tener mucha niebla. Es una traves\u00eda espectacular y formidable.[\/vc_column_text][vc_empty_space height=\u00bb20px\u00bb][vc_btn title=\u00bbEntrar\u00bb style=\u00bbflat\u00bb color=\u00bbwarning\u00bb link=\u00bburl:https%3A%2F%2Fmonta%C3%B1asdelaluna.es%2F%3Fpage_id%3D18023|title:Porta%20del%20Cel\u00bb][\/vc_column][\/vc_row][vc_row][vc_column][vc_empty_space height=\u00bb30px\u00bb]<div class=\"hr-thin style-line\" style=\"width: 100%;border-top-width: 1px;\"><\/div>[vc_empty_space height=\u00bb30px\u00bb][\/vc_column][\/vc_row][vc_row][vc_column width=\u00bb1\/2&#8243;][vc_single_image image=\u00bb21841&#8243; img_size=\u00bbfull\u00bb css_animation=\u00bbpulse\u00bb image_hovers=\u00bbfalse\u00bb][\/vc_column][vc_column width=\u00bb1\/2&#8243;][vc_custom_heading text=\u00bbAlta Ruta de Los Perdidos\u00bb use_theme_fonts=\u00bbyes\u00bb link=\u00bburl:https%3A%2F%2Fmonta%C3%B1asdelaluna.es%2F%3Fpage_id%3D21817|title:Alta%20Ruta%20de%20Los%20Perdidos\u00bb][vc_empty_space height=\u00bb20px\u00bb][vc_column_text]La Alta Ruta de Los Perdidos es una de las traves\u00edas de alta monta\u00f1a m\u00e1s duras del Pirineo. Se divide en varias etapas (de entre 5 a 7) de especial gran esfuerzo y dificultad que recorre los collados m\u00e1s altos con unos desniveles de locura, y la opci\u00f3n de subir a algunos los picos de m\u00e1s de tres mil metros que quedan muy cerca de ellos en los distintos macizos de Gavarnie-Monte Perdido y Vignemale; pasa por el fondo de los Valles del Ara-Bujaruelo, Vallee d\u2019Ossau, Gavarnie, Pineta, alto Ordesa. La mitad de las etapas se realizan en Pirineo Franc\u00e9s (Refugio d\u2019Oulettes de Gaube, Grange de Holle, Espuguettes, Serradets) y el resto son refugios espa\u00f1oles (Bujaruelo, Pineta, G\u00f3riz).\u00a0 La dureza de la traves\u00eda hace que debas tomarte un d\u00eda, una etapa, casi de descanso o m\u00e1s corta, liviana en cuanto al esfuerzo, aunque en mi caso la realizamos en 5 d\u00edas, etapas, y en sentido contrario al habitual. Pasamos por lugares excepcionales y espectaculares como La Brecha de Rolando, caras norte del Vignemale, Lago Helado de Marbor\u00e9 y Balc\u00f3n de Pineta, Collado y alto Ca\u00f1\u00f3n de A\u00f1isclo\u2026 Es una traves\u00eda espectacular y formidable, pero es obligatorio tener una m\u00ednima forma f\u00edsica.[\/vc_column_text][vc_empty_space height=\u00bb20px\u00bb][vc_btn title=\u00bbEntrar\u00bb style=\u00bbflat\u00bb color=\u00bbwarning\u00bb link=\u00bburl:https%3A%2F%2Fmonta%C3%B1asdelaluna.es%2F%3Fpage_id%3D21817|title:Alta%20Ruta%20de%20Los%20Perdidos\u00bb][\/vc_column][\/vc_row]<\/p>\n","protected":false},"excerpt":{"rendered":"<p>[vc_row][vc_column][vc_column_text]Los Pirineos es la cordillera m\u00e1s emblem\u00e1tica y espectacular de la pen\u00ednsula ib\u00e9rica y del sureste europeo. Ya no por su fama si no por su continuidad y morfolog\u00eda, que la hicieron intransitable, inh\u00f3spita y casi salvaje desde que se comenz\u00f3 a habitar. Es frontera y uni\u00f3n de culturas y naciones; alberga un peque\u00f1o pa\u00eds&hellip;<\/p>\n","protected":false},"author":1,"featured_media":0,"parent":0,"menu_order":0,"comment_status":"closed","ping_status":"closed","template":"","meta":[],"class_list":["post-14940","page","type-page","status-publish","hentry","description-off"],"_links":{"self":[{"href":"https:\/\/www.monta\u00f1asdelaluna.es\/index.php?rest_route=\/wp\/v2\/pages\/14940","targetHints":{"allow":["GET"]}}],"collection":[{"href":"https:\/\/www.monta\u00f1asdelaluna.es\/index.php?rest_route=\/wp\/v2\/pages"}],"about":[{"href":"https:\/\/www.monta\u00f1asdelaluna.es\/index.php?rest_route=\/wp\/v2\/types\/page"}],"author":[{"embeddable":true,"href":"https:\/\/www.monta\u00f1asdelaluna.es\/index.php?rest_route=\/wp\/v2\/users\/1"}],"replies":[{"embeddable":true,"href":"https:\/\/www.monta\u00f1asdelaluna.es\/index.php?rest_route=%2Fwp%2Fv2%2Fcomments&post=14940"}],"version-history":[{"count":50,"href":"https:\/\/www.monta\u00f1asdelaluna.es\/index.php?rest_route=\/wp\/v2\/pages\/14940\/revisions"}],"predecessor-version":[{"id":51283,"href":"https:\/\/www.monta\u00f1asdelaluna.es\/index.php?rest_route=\/wp\/v2\/pages\/14940\/revisions\/51283"}],"wp:attachment":[{"href":"https:\/\/www.monta\u00f1asdelaluna.es\/index.php?rest_route=%2Fwp%2Fv2%2Fmedia&parent=14940"}],"curies":[{"name":"wp","href":"https:\/\/api.w.org\/{rel}","templated":true}]}}