{"id":34173,"date":"2016-11-06T10:07:03","date_gmt":"2016-11-06T10:07:03","guid":{"rendered":"http:\/\/monta\u00f1asdelaluna.com\/?page_id=34173"},"modified":"2021-12-28T09:16:28","modified_gmt":"2021-12-28T09:16:28","slug":"guiaweb","status":"publish","type":"page","link":"https:\/\/www.monta\u00f1asdelaluna.es\/?page_id=34173","title":{"rendered":"Guiaweb"},"content":{"rendered":"<p>A pesar de que la web est\u00e1 creada y organizada en secciones y subsecciones que nos ayudan a escoger lugares, monta\u00f1as seg\u00fan su ubicaci\u00f3n geogr\u00e1fica, esta secci\u00f3n est\u00e1 pensada para guiaros por la web de una manera pr\u00e1ctica y \u00fatil de forma que no solamente sea una web donde las fotograf\u00edas y relatos sean recuerdos y experiencias pasadas, si no que las pod\u00e1is hacer vuestras guiados por las explicaciones, croquis y ubicaciones. Encontrando de manera m\u00e1s r\u00e1pida la informaci\u00f3n que dese\u00e1is conocer.<\/p>\n<p>Podemos distinguir 3 formas de buscar y encontrar los relatos, descripciones y fotograf\u00edas del lugar que queremos estudiar:<\/p>\n<h4>-BUSCADOR:<\/h4>\n<p>En la parte superior derecha de la web encontramos el simbolito de una lupa (aunque no lo parezca). Ponemos el puntero sobre el mismo, nos aparece en forma de mano para indicarnos que podemos escribir sobre el simbolito. Clicamos y aparecer\u00e1 un espacio donde pondremos el nombre o palabra clave de aquello que queremos buscar. Por ejemplo: si queremos hacer una ruta por la Sierra de Callosa, escribir \u00abcallosa\u00bb y teclear Enter&#8230; a ver qu\u00e9 os sale&#8230; todos los relatos, fotos, secciones&#8230; que contengan esta \u00abpalabra\u00bb resultar\u00e1n de la b\u00fasqueda. Si no sale nada, es que no se encuentra en la web.<\/p>\n<p><a class=\"dt-single-image\" href=\"https:\/\/www.monta\u00f1asdelaluna.es\/wp-content\/uploads\/2021\/03\/Buscador11.jpg\" data-dt-img-description=\"\"><img loading=\"lazy\" decoding=\"async\" class=\"aligncenter wp-image-48780 size-large\" src=\"https:\/\/www.monta\u00f1asdelaluna.es\/wp-content\/uploads\/2021\/03\/Buscador11-1024x490.jpg\" alt=\"\" width=\"1024\" height=\"490\" srcset=\"https:\/\/www.monta\u00f1asdelaluna.es\/wp-content\/uploads\/2021\/03\/Buscador11-1024x490.jpg 1024w, https:\/\/www.monta\u00f1asdelaluna.es\/wp-content\/uploads\/2021\/03\/Buscador11-300x143.jpg 300w, https:\/\/www.monta\u00f1asdelaluna.es\/wp-content\/uploads\/2021\/03\/Buscador11-768x367.jpg 768w, https:\/\/www.monta\u00f1asdelaluna.es\/wp-content\/uploads\/2021\/03\/Buscador11-1536x734.jpg 1536w, https:\/\/www.monta\u00f1asdelaluna.es\/wp-content\/uploads\/2021\/03\/Buscador11.jpg 1805w\" sizes=\"auto, (max-width: 1024px) 100vw, 1024px\" \/><\/a><\/p>\n<p><a class=\"dt-single-image\" href=\"https:\/\/www.monta\u00f1asdelaluna.es\/wp-content\/uploads\/2021\/03\/Buscador22.jpg\" data-dt-img-description=\"\"><img loading=\"lazy\" decoding=\"async\" class=\"aligncenter wp-image-48781 size-large\" src=\"https:\/\/www.monta\u00f1asdelaluna.es\/wp-content\/uploads\/2021\/03\/Buscador22-1024x690.jpg\" alt=\"\" width=\"1024\" height=\"690\" srcset=\"https:\/\/www.monta\u00f1asdelaluna.es\/wp-content\/uploads\/2021\/03\/Buscador22-1024x690.jpg 1024w, https:\/\/www.monta\u00f1asdelaluna.es\/wp-content\/uploads\/2021\/03\/Buscador22-300x202.jpg 300w, https:\/\/www.monta\u00f1asdelaluna.es\/wp-content\/uploads\/2021\/03\/Buscador22-768x517.jpg 768w, https:\/\/www.monta\u00f1asdelaluna.es\/wp-content\/uploads\/2021\/03\/Buscador22.jpg 1358w\" sizes=\"auto, (max-width: 1024px) 100vw, 1024px\" \/><\/a><\/p>\n<p><a class=\"dt-single-image\" href=\"https:\/\/www.monta\u00f1asdelaluna.es\/wp-content\/uploads\/2021\/03\/Buscador33.jpg\" data-dt-img-description=\"\"><img loading=\"lazy\" decoding=\"async\" class=\"aligncenter wp-image-48782 size-large\" src=\"https:\/\/www.monta\u00f1asdelaluna.es\/wp-content\/uploads\/2021\/03\/Buscador33-1024x690.jpg\" alt=\"\" width=\"1024\" height=\"690\" srcset=\"https:\/\/www.monta\u00f1asdelaluna.es\/wp-content\/uploads\/2021\/03\/Buscador33-1024x690.jpg 1024w, https:\/\/www.monta\u00f1asdelaluna.es\/wp-content\/uploads\/2021\/03\/Buscador33-300x202.jpg 300w, https:\/\/www.monta\u00f1asdelaluna.es\/wp-content\/uploads\/2021\/03\/Buscador33-768x518.jpg 768w, https:\/\/www.monta\u00f1asdelaluna.es\/wp-content\/uploads\/2021\/03\/Buscador33.jpg 1360w\" sizes=\"auto, (max-width: 1024px) 100vw, 1024px\" \/><\/a><\/p>\n<p><a class=\"dt-single-image\" href=\"https:\/\/www.monta\u00f1asdelaluna.es\/wp-content\/uploads\/2021\/03\/Buscador44.jpg\" data-dt-img-description=\"\"><img loading=\"lazy\" decoding=\"async\" class=\"aligncenter wp-image-48783 size-large\" src=\"https:\/\/www.monta\u00f1asdelaluna.es\/wp-content\/uploads\/2021\/03\/Buscador44-1024x697.jpg\" alt=\"\" width=\"1024\" height=\"697\" srcset=\"https:\/\/www.monta\u00f1asdelaluna.es\/wp-content\/uploads\/2021\/03\/Buscador44-1024x697.jpg 1024w, https:\/\/www.monta\u00f1asdelaluna.es\/wp-content\/uploads\/2021\/03\/Buscador44-300x204.jpg 300w, https:\/\/www.monta\u00f1asdelaluna.es\/wp-content\/uploads\/2021\/03\/Buscador44-768x523.jpg 768w, https:\/\/www.monta\u00f1asdelaluna.es\/wp-content\/uploads\/2021\/03\/Buscador44.jpg 1345w\" sizes=\"auto, (max-width: 1024px) 100vw, 1024px\" \/><\/a><\/p>\n<p><a class=\"dt-single-image\" href=\"https:\/\/www.monta\u00f1asdelaluna.es\/wp-content\/uploads\/2021\/03\/Buscador55.jpg\" data-dt-img-description=\"\"><img loading=\"lazy\" decoding=\"async\" class=\"aligncenter wp-image-48784 size-large\" src=\"https:\/\/www.monta\u00f1asdelaluna.es\/wp-content\/uploads\/2021\/03\/Buscador55-1024x489.jpg\" alt=\"\" width=\"1024\" height=\"489\" srcset=\"https:\/\/www.monta\u00f1asdelaluna.es\/wp-content\/uploads\/2021\/03\/Buscador55-1024x489.jpg 1024w, https:\/\/www.monta\u00f1asdelaluna.es\/wp-content\/uploads\/2021\/03\/Buscador55-300x143.jpg 300w, https:\/\/www.monta\u00f1asdelaluna.es\/wp-content\/uploads\/2021\/03\/Buscador55-768x367.jpg 768w, https:\/\/www.monta\u00f1asdelaluna.es\/wp-content\/uploads\/2021\/03\/Buscador55-1536x733.jpg 1536w, https:\/\/www.monta\u00f1asdelaluna.es\/wp-content\/uploads\/2021\/03\/Buscador55.jpg 1824w\" sizes=\"auto, (max-width: 1024px) 100vw, 1024px\" \/><\/a><\/p>\n<p>&nbsp;<\/p>\n<p>&nbsp;<\/p>\n<h4>-CATEGOR\u00cdAS, INDICE DE RELATOS:<\/h4>\n<p>En la parte inferior izquierda de la web, tenemos Categor\u00edas Blog. Ponemos de nuevo el puntero del rat\u00f3n sobre Categor\u00edas Blog y clicamos. Aqu\u00ed nos saldr\u00e1n todas las secciones y subsecciones finales ordenadas alfab\u00e9ticamente. Si me interesa entrar en una secci\u00f3n o subsecci\u00f3n solo tengo que clicar en ella. Por ejemplo: si pincho en Sierra de Orihuela y Callosa me saldr\u00e1n todos sus relatos como si entrara por el Men\u00fa superior de la web.<\/p>\n<p><a class=\"dt-single-image\" href=\"https:\/\/www.monta\u00f1asdelaluna.es\/wp-content\/uploads\/2021\/03\/Indice1categorias.jpg\" data-dt-img-description=\"\"><img loading=\"lazy\" decoding=\"async\" class=\"aligncenter wp-image-48785 size-large\" src=\"https:\/\/www.monta\u00f1asdelaluna.es\/wp-content\/uploads\/2021\/03\/Indice1categorias-1024x490.jpg\" alt=\"\" width=\"1024\" height=\"490\" srcset=\"https:\/\/www.monta\u00f1asdelaluna.es\/wp-content\/uploads\/2021\/03\/Indice1categorias-1024x490.jpg 1024w, https:\/\/www.monta\u00f1asdelaluna.es\/wp-content\/uploads\/2021\/03\/Indice1categorias-300x144.jpg 300w, https:\/\/www.monta\u00f1asdelaluna.es\/wp-content\/uploads\/2021\/03\/Indice1categorias-768x368.jpg 768w, https:\/\/www.monta\u00f1asdelaluna.es\/wp-content\/uploads\/2021\/03\/Indice1categorias-1536x735.jpg 1536w, https:\/\/www.monta\u00f1asdelaluna.es\/wp-content\/uploads\/2021\/03\/Indice1categorias.jpg 1824w\" sizes=\"auto, (max-width: 1024px) 100vw, 1024px\" \/><\/a><\/p>\n<p><a class=\"dt-single-image\" href=\"https:\/\/www.monta\u00f1asdelaluna.es\/wp-content\/uploads\/2021\/03\/Indice2categorias.jpg\" data-dt-img-description=\"\"><img loading=\"lazy\" decoding=\"async\" class=\"aligncenter wp-image-48786 size-large\" src=\"https:\/\/www.monta\u00f1asdelaluna.es\/wp-content\/uploads\/2021\/03\/Indice2categorias-1024x690.jpg\" alt=\"\" width=\"1024\" height=\"690\" srcset=\"https:\/\/www.monta\u00f1asdelaluna.es\/wp-content\/uploads\/2021\/03\/Indice2categorias-1024x690.jpg 1024w, https:\/\/www.monta\u00f1asdelaluna.es\/wp-content\/uploads\/2021\/03\/Indice2categorias-300x202.jpg 300w, https:\/\/www.monta\u00f1asdelaluna.es\/wp-content\/uploads\/2021\/03\/Indice2categorias-768x518.jpg 768w, https:\/\/www.monta\u00f1asdelaluna.es\/wp-content\/uploads\/2021\/03\/Indice2categorias.jpg 1360w\" sizes=\"auto, (max-width: 1024px) 100vw, 1024px\" \/><\/a><\/p>\n<p><a class=\"dt-single-image\" href=\"https:\/\/www.monta\u00f1asdelaluna.es\/wp-content\/uploads\/2021\/03\/Indice3categorias.jpg\" data-dt-img-description=\"\"><img loading=\"lazy\" decoding=\"async\" class=\"aligncenter wp-image-48787 size-large\" src=\"https:\/\/www.monta\u00f1asdelaluna.es\/wp-content\/uploads\/2021\/03\/Indice3categorias-1024x691.jpg\" alt=\"\" width=\"1024\" height=\"691\" srcset=\"https:\/\/www.monta\u00f1asdelaluna.es\/wp-content\/uploads\/2021\/03\/Indice3categorias-1024x691.jpg 1024w, https:\/\/www.monta\u00f1asdelaluna.es\/wp-content\/uploads\/2021\/03\/Indice3categorias-300x203.jpg 300w, https:\/\/www.monta\u00f1asdelaluna.es\/wp-content\/uploads\/2021\/03\/Indice3categorias-768x518.jpg 768w, https:\/\/www.monta\u00f1asdelaluna.es\/wp-content\/uploads\/2021\/03\/Indice3categorias.jpg 1360w\" sizes=\"auto, (max-width: 1024px) 100vw, 1024px\" \/><\/a><\/p>\n<p>&nbsp;<\/p>\n<h4>-RESE\u00d1AS:<\/h4>\n<p>Esta puede ser la forma m\u00e1s interesante y efectiva si sabes moverte por el mapa google. En la Secci\u00f3n RESE\u00d1AS est\u00e1n los lugares, poblaciones, monta\u00f1as, collados&#8230; que aparecen en los relatos y \u00e1lbumes. La manera de usarlo ser\u00eda bien f\u00e1cil: si sabemos ubicarnos en dicho mapa o ubicar el lugar, monta\u00f1a a visitar, entonces ampliamos el mapa hasta el zoom correcto para encontrarnos con claridad con el lugar o monta\u00f1a. Por ejemplo: imaginemos que nos encontramos en la localidad de Elche, nunca hemos estado aqu\u00ed, no conocemos la monta\u00f1a alicantina\u00a0 y queremos hacer una excursi\u00f3n o curiosear que actividades se han realizado por sus cercan\u00edas y est\u00e1n en la web. Ampliamos el zoom lo justo para ver la ciudad de Elche y los \u00abglobitos rojos\u00bb de ubicaci\u00f3n que vemos a su alrededor. Podemos ampliar un poquito m\u00e1s y ya vemos mejor la ubicaci\u00f3n de esos \u00abglobitos rojos\u00bb. Uno de ellos est\u00e1 en la misma poblaci\u00f3n de Crevillente. Pero nos interesa alguna rese\u00f1a o ubicaci\u00f3n en la monta\u00f1a, en la sierra, entonces acercamos el puntero a otro \u00abglobito rojo\u00bb y pinchamos aqu\u00ed. Nos sale que es la ubicaci\u00f3n de La Vella, un pico de la Sierra de Crevillente, y el desplegable nos d\u00e1 una sencilla explicaci\u00f3n de qu\u00e9 es este lugar. Entonces si esta ubicaci\u00f3n o lugar nos complace, copiamos el nombre y lo llevamos a BUSCADOR para que nos diga que actividades, relatos, \u00e1lbumes de fotos&#8230; hay de este lugar, monta\u00f1a. De esta manera descubriremos mapa en mano y sin conocer el lugar, qu\u00e9 actividades se pueden realizar.<\/p>\n<p><a class=\"dt-single-image\" href=\"https:\/\/www.monta\u00f1asdelaluna.es\/wp-content\/uploads\/2021\/03\/REsenas11.jpg\" data-dt-img-description=\"\"><img loading=\"lazy\" decoding=\"async\" class=\"aligncenter wp-image-48789 size-large\" src=\"https:\/\/www.monta\u00f1asdelaluna.es\/wp-content\/uploads\/2021\/03\/REsenas11-1024x490.jpg\" alt=\"\" width=\"1024\" height=\"490\" srcset=\"https:\/\/www.monta\u00f1asdelaluna.es\/wp-content\/uploads\/2021\/03\/REsenas11-1024x490.jpg 1024w, https:\/\/www.monta\u00f1asdelaluna.es\/wp-content\/uploads\/2021\/03\/REsenas11-300x143.jpg 300w, https:\/\/www.monta\u00f1asdelaluna.es\/wp-content\/uploads\/2021\/03\/REsenas11-768x367.jpg 768w, https:\/\/www.monta\u00f1asdelaluna.es\/wp-content\/uploads\/2021\/03\/REsenas11-1536x734.jpg 1536w, https:\/\/www.monta\u00f1asdelaluna.es\/wp-content\/uploads\/2021\/03\/REsenas11.jpg 1824w\" sizes=\"auto, (max-width: 1024px) 100vw, 1024px\" \/><\/a><\/p>\n<p><a class=\"dt-single-image\" href=\"https:\/\/www.monta\u00f1asdelaluna.es\/wp-content\/uploads\/2021\/03\/REsenas22.jpg\" data-dt-img-description=\"\"><img loading=\"lazy\" decoding=\"async\" class=\"aligncenter wp-image-48790 size-large\" src=\"https:\/\/www.monta\u00f1asdelaluna.es\/wp-content\/uploads\/2021\/03\/REsenas22-1024x490.jpg\" alt=\"\" width=\"1024\" height=\"490\" srcset=\"https:\/\/www.monta\u00f1asdelaluna.es\/wp-content\/uploads\/2021\/03\/REsenas22-1024x490.jpg 1024w, https:\/\/www.monta\u00f1asdelaluna.es\/wp-content\/uploads\/2021\/03\/REsenas22-300x144.jpg 300w, https:\/\/www.monta\u00f1asdelaluna.es\/wp-content\/uploads\/2021\/03\/REsenas22-768x368.jpg 768w, https:\/\/www.monta\u00f1asdelaluna.es\/wp-content\/uploads\/2021\/03\/REsenas22-1536x735.jpg 1536w, https:\/\/www.monta\u00f1asdelaluna.es\/wp-content\/uploads\/2021\/03\/REsenas22.jpg 1824w\" sizes=\"auto, (max-width: 1024px) 100vw, 1024px\" \/><\/a><\/p>\n<p><a class=\"dt-single-image\" href=\"https:\/\/www.monta\u00f1asdelaluna.es\/wp-content\/uploads\/2021\/03\/REsenas33.jpg\" data-dt-img-description=\"\"><img loading=\"lazy\" decoding=\"async\" class=\"aligncenter wp-image-48791 size-large\" src=\"https:\/\/www.monta\u00f1asdelaluna.es\/wp-content\/uploads\/2021\/03\/REsenas33-1024x490.jpg\" alt=\"\" width=\"1024\" height=\"490\" srcset=\"https:\/\/www.monta\u00f1asdelaluna.es\/wp-content\/uploads\/2021\/03\/REsenas33-1024x490.jpg 1024w, https:\/\/www.monta\u00f1asdelaluna.es\/wp-content\/uploads\/2021\/03\/REsenas33-300x143.jpg 300w, https:\/\/www.monta\u00f1asdelaluna.es\/wp-content\/uploads\/2021\/03\/REsenas33-768x367.jpg 768w, https:\/\/www.monta\u00f1asdelaluna.es\/wp-content\/uploads\/2021\/03\/REsenas33-1536x734.jpg 1536w, https:\/\/www.monta\u00f1asdelaluna.es\/wp-content\/uploads\/2021\/03\/REsenas33.jpg 1824w\" sizes=\"auto, (max-width: 1024px) 100vw, 1024px\" \/><\/a><\/p>\n<p>Espero que esta gu\u00eda os ayude a navegar mejor por la web y descubrir as\u00ed m\u00e1s posibilidades pr\u00e1cticas y \u00fatiles para realizar y encontrar lugares, actividades, monta\u00f1as que ya conoc\u00edais o que os interesa conocer.[vc_row][vc_column][vc_empty_space][\/vc_column][\/vc_row]<\/p>\n","protected":false},"excerpt":{"rendered":"<p>A pesar de que la web est\u00e1 creada y organizada en secciones y subsecciones que nos ayudan a escoger lugares, monta\u00f1as seg\u00fan su ubicaci\u00f3n geogr\u00e1fica, esta secci\u00f3n est\u00e1 pensada para guiaros por la web de una manera pr\u00e1ctica y \u00fatil de forma que no solamente sea una web donde las fotograf\u00edas y relatos sean recuerdos&hellip;<\/p>\n","protected":false},"author":1,"featured_media":0,"parent":51431,"menu_order":10,"comment_status":"open","ping_status":"closed","template":"","meta":[],"class_list":["post-34173","page","type-page","status-publish","hentry","description-off"],"_links":{"self":[{"href":"https:\/\/www.monta\u00f1asdelaluna.es\/index.php?rest_route=\/wp\/v2\/pages\/34173","targetHints":{"allow":["GET"]}}],"collection":[{"href":"https:\/\/www.monta\u00f1asdelaluna.es\/index.php?rest_route=\/wp\/v2\/pages"}],"about":[{"href":"https:\/\/www.monta\u00f1asdelaluna.es\/index.php?rest_route=\/wp\/v2\/types\/page"}],"author":[{"embeddable":true,"href":"https:\/\/www.monta\u00f1asdelaluna.es\/index.php?rest_route=\/wp\/v2\/users\/1"}],"replies":[{"embeddable":true,"href":"https:\/\/www.monta\u00f1asdelaluna.es\/index.php?rest_route=%2Fwp%2Fv2%2Fcomments&post=34173"}],"version-history":[{"count":28,"href":"https:\/\/www.monta\u00f1asdelaluna.es\/index.php?rest_route=\/wp\/v2\/pages\/34173\/revisions"}],"predecessor-version":[{"id":50438,"href":"https:\/\/www.monta\u00f1asdelaluna.es\/index.php?rest_route=\/wp\/v2\/pages\/34173\/revisions\/50438"}],"up":[{"embeddable":true,"href":"https:\/\/www.monta\u00f1asdelaluna.es\/index.php?rest_route=\/wp\/v2\/pages\/51431"}],"wp:attachment":[{"href":"https:\/\/www.monta\u00f1asdelaluna.es\/index.php?rest_route=%2Fwp%2Fv2%2Fmedia&parent=34173"}],"curies":[{"name":"wp","href":"https:\/\/api.w.org\/{rel}","templated":true}]}}