{"id":51431,"date":"2020-12-28T08:43:12","date_gmt":"2020-12-28T08:43:12","guid":{"rendered":"https:\/\/www.monta\u00f1asdelaluna.es\/?page_id=51431"},"modified":"2021-12-30T10:06:47","modified_gmt":"2021-12-30T10:06:47","slug":"mas-contenidos","status":"publish","type":"page","link":"https:\/\/www.monta\u00f1asdelaluna.es\/?page_id=51431","title":{"rendered":"Mas contenidos"},"content":{"rendered":"<p>[vc_row][vc_column][vc_column_text]Ahora dejamos los relatos, diarios y gu\u00edas de las actividades realizadas y pasamos a desglosar otras secciones complementarias y no por eso menos importantes, que nos ayudaran mejor a navegar y descubrir otros aspectos de Monta\u00f1as de La Luna para el objeto el cual hemos entrado, ya sea de consulta, investigaci\u00f3n, admiraci\u00f3n o reconocimiento. Con una breve indicaci\u00f3n y explicaci\u00f3n a pi\u00e9 de cada una.[\/vc_column_text][vc_empty_space height=\u00bb30px\u00bb]<div class=\"hr-thin style-line accent-border-color\" style=\"width: 100%;border-top-width: 1px;\"><\/div>[vc_empty_space height=\u00bb30px\u00bb][\/vc_column][\/vc_row][vc_row][vc_column width=\u00bb1\/4&#8243;][vc_single_image image=\u00bb49138&#8243; img_size=\u00bbfull\u00bb css_animation=\u00bbpulse\u00bb][vc_empty_space][\/vc_column][vc_column width=\u00bb1\/2&#8243;][vc_custom_heading text=\u00bbSobre M\u00ed\u00bb font_container=\u00bbtag:h2|text_align:center\u00bb use_theme_fonts=\u00bbyes\u00bb link=\u00bburl:https%3A%2F%2Fwww.monta%C3%B1asdelaluna.es%2F%3Fpage_id%3D47109|title:Ascensiones%20y%20recorridos\u00bb][vc_empty_space][vc_column_text]Un peque\u00f1o recorrido y biograf\u00eda resumidos del creador de Monta\u00f1as de La Luna, Jos\u00e9 Joaqu\u00edn Terr\u00e9s Garc\u00eda, desde sus inicios del monta\u00f1ismo en las monta\u00f1as alicantinas y murcianas, hasta nuestros d\u00edas. Se incluye las menciones en Alpinismo Rom\u00e1ntico de algunos de los personajes, Mujeres y Hombres, que fueron de especial relevancia en la Historia del Monta\u00f1ismo y Alpinismo a nivel mundial, con una breve descripci\u00f3n o an\u00e9cdota propia.[\/vc_column_text][vc_empty_space][vc_row_inner][vc_column_inner width=\u00bb1\/4&#8243;][\/vc_column_inner][vc_column_inner width=\u00bb1\/2&#8243;][vc_btn title=\u00bbEntrar\u00bb color=\u00bbprimary\u00bb align=\u00bbcenter\u00bb button_block=\u00bbtrue\u00bb link=\u00bburl:https%3A%2F%2Fwww.monta%C3%B1asdelaluna.es%2F%3Fpage_id%3D47109|title:Ascensiones%20y%20recorridos\u00bb][\/vc_column_inner][vc_column_inner width=\u00bb1\/4&#8243;][\/vc_column_inner][\/vc_row_inner][vc_empty_space][\/vc_column][vc_column width=\u00bb1\/4&#8243;][vc_single_image image=\u00bb34124&#8243; img_size=\u00bbfull\u00bb css_animation=\u00bbpulse\u00bb][\/vc_column][\/vc_row][vc_row][vc_column][vc_empty_space height=\u00bb30px\u00bb]<div class=\"hr-thin style-line accent-border-color\" style=\"width: 100%;border-top-width: 1px;\"><\/div>[vc_empty_space height=\u00bb30px\u00bb][\/vc_column][\/vc_row][vc_row][vc_column width=\u00bb1\/4&#8243;][vc_single_image image=\u00bb46737&#8243; img_size=\u00bbfull\u00bb css_animation=\u00bbpulse\u00bb][vc_empty_space][\/vc_column][vc_column width=\u00bb1\/2&#8243;][vc_custom_heading text=\u00bbGaler\u00eda de Fotos\u00bb font_container=\u00bbtag:h2|text_align:center\u00bb use_theme_fonts=\u00bbyes\u00bb link=\u00bburl:https%3A%2F%2Fwww.monta%C3%B1asdelaluna.es%2F%3Fpage_id%3D47120|title:Integral%20de%20Sierra%20Nevada\u00bb][vc_empty_space][vc_column_text]Secci\u00f3n donde se recogen todas las fotos realizadas en las actividades y aventuras recogidas en los relatos, gu\u00edas y visitas. Por lo general podr\u00e9is encontrar una sola Galer\u00eda por actividad pero tambi\u00e9n dos galer\u00edas por actividad en alguna ocasi\u00f3n. Tambi\u00e9n dos tipos de galer\u00edas: las incluidas en la misma plataforma web, y otras enlazadas a otra plataforma web dedicadas a la exposici\u00f3n de fotograf\u00edas.[\/vc_column_text][vc_empty_space][vc_row_inner][vc_column_inner width=\u00bb1\/4&#8243;][\/vc_column_inner][vc_column_inner width=\u00bb1\/2&#8243;][vc_btn title=\u00bbEntrar\u00bb color=\u00bbprimary\u00bb align=\u00bbcenter\u00bb button_block=\u00bbtrue\u00bb link=\u00bburl:https%3A%2F%2Fwww.monta%C3%B1asdelaluna.es%2F%3Fpage_id%3D47120|title:Integral%20de%20Sierra%20Nevada\u00bb][\/vc_column_inner][vc_column_inner width=\u00bb1\/4&#8243;][\/vc_column_inner][\/vc_row_inner][vc_empty_space][\/vc_column][vc_column width=\u00bb1\/4&#8243;][vc_single_image image=\u00bb39376&#8243; img_size=\u00bbfull\u00bb css_animation=\u00bbpulse\u00bb][\/vc_column][\/vc_row][vc_row][vc_column][vc_empty_space height=\u00bb30px\u00bb]<div class=\"hr-thin style-line accent-border-color\" style=\"width: 100%;border-top-width: 1px;\"><\/div>[vc_empty_space height=\u00bb30px\u00bb][\/vc_column][\/vc_row][vc_row][vc_column width=\u00bb1\/4&#8243;][vc_single_image image=\u00bb37127&#8243; img_size=\u00bbfull\u00bb css_animation=\u00bbpulse\u00bb][vc_empty_space][\/vc_column][vc_column width=\u00bb1\/2&#8243;][vc_custom_heading text=\u00bbFilmoteca\u00bb font_container=\u00bbtag:h2|text_align:center\u00bb use_theme_fonts=\u00bbyes\u00bb link=\u00bburl:https%3A%2F%2Fwww.monta%C3%B1asdelaluna.es%2F%3Fpage_id%3D39611|title:Integral%20de%20Sierra%20Nevada\u00bb][vc_empty_space][vc_column_text]Secci\u00f3n dedicada a las diferentes filmaciones, videos o proyecciones realizadas por las c\u00e1maras de fotos o m\u00f3viles de forma sencilla y sin editar profesionalmente, realizadas en las actividades y aventuras recogidas en los relatos, gu\u00edas y visitas. \u00c9stas est\u00e1n subidas a una plataforma dedicada a la funci\u00f3n de mostrar videos, filmaciones o pel\u00edculas de forma segura y funcional.[\/vc_column_text][vc_empty_space][vc_row_inner][vc_column_inner width=\u00bb1\/4&#8243;][\/vc_column_inner][vc_column_inner width=\u00bb1\/2&#8243;][vc_btn title=\u00bbEntrar\u00bb color=\u00bbprimary\u00bb align=\u00bbcenter\u00bb button_block=\u00bbtrue\u00bb link=\u00bburl:https%3A%2F%2Fwww.monta%C3%B1asdelaluna.es%2F%3Fpage_id%3D39611|title:Integral%20de%20Sierra%20Nevada\u00bb][\/vc_column_inner][vc_column_inner width=\u00bb1\/4&#8243;][\/vc_column_inner][\/vc_row_inner][vc_empty_space][\/vc_column][vc_column width=\u00bb1\/4&#8243;][vc_single_image image=\u00bb51425&#8243; img_size=\u00bbfull\u00bb css_animation=\u00bbpulse\u00bb][\/vc_column][\/vc_row][vc_row][vc_column][vc_empty_space height=\u00bb30px\u00bb]<div class=\"hr-thin style-line accent-border-color\" style=\"width: 100%;border-top-width: 1px;\"><\/div>[vc_empty_space height=\u00bb30px\u00bb][\/vc_column][\/vc_row][vc_row][vc_column width=\u00bb1\/4&#8243;][vc_single_image image=\u00bb26205&#8243; img_size=\u00bbfull\u00bb css_animation=\u00bbpulse\u00bb][vc_empty_space][\/vc_column][vc_column width=\u00bb1\/2&#8243;][vc_custom_heading text=\u00bbRese\u00f1as\u00bb font_container=\u00bbtag:h2|text_align:center\u00bb use_theme_fonts=\u00bbyes\u00bb link=\u00bburl:https%3A%2F%2Fwww.monta%C3%B1asdelaluna.es%2F%3Fpage_id%3D15020|title:Integral%20de%20Sierra%20Nevada\u00bb][vc_empty_space][vc_column_text]Localizaci\u00f3n y peque\u00f1a descripci\u00f3n con fotos y accesos de los diferentes puntos, lugares, rincones que aparecen nombrados de forma relevante en las actividades y aventuras recogidas en los relatos, gu\u00edas y visitas. Con la funci\u00f3n de guiarnos a la hora de realizar la misma o parecida actividad o visita descrita.[\/vc_column_text][vc_empty_space][vc_row_inner][vc_column_inner width=\u00bb1\/4&#8243;][\/vc_column_inner][vc_column_inner width=\u00bb1\/2&#8243;][vc_btn title=\u00bbEntrar\u00bb color=\u00bbprimary\u00bb align=\u00bbcenter\u00bb button_block=\u00bbtrue\u00bb link=\u00bburl:https%3A%2F%2Fwww.monta%C3%B1asdelaluna.es%2F%3Fpage_id%3D15020|title:Integral%20de%20Sierra%20Nevada\u00bb][\/vc_column_inner][vc_column_inner width=\u00bb1\/4&#8243;][\/vc_column_inner][\/vc_row_inner][vc_empty_space][\/vc_column][vc_column width=\u00bb1\/4&#8243;][vc_single_image image=\u00bb24019&#8243; img_size=\u00bbfull\u00bb css_animation=\u00bbpulse\u00bb][\/vc_column][\/vc_row][vc_row][vc_column][vc_empty_space height=\u00bb30px\u00bb]<div class=\"hr-thin style-line accent-border-color\" style=\"width: 100%;border-top-width: 1px;\"><\/div>[vc_empty_space height=\u00bb30px\u00bb][\/vc_column][\/vc_row][vc_row][vc_column width=\u00bb1\/4&#8243;][vc_single_image image=\u00bb40284&#8243; img_size=\u00bbfull\u00bb css_animation=\u00bbpulse\u00bb][vc_empty_space][\/vc_column][vc_column width=\u00bb1\/2&#8243;][vc_custom_heading text=\u00bbCalendario de Actividades\u00bb font_container=\u00bbtag:h2|text_align:center\u00bb use_theme_fonts=\u00bbyes\u00bb link=\u00bburl:https%3A%2F%2Fwww.monta%C3%B1asdelaluna.es%2F%3Fpage_id%3D15070|title:Integral%20de%20Sierra%20Nevada\u00bb][vc_empty_space][vc_column_text]Calendario donde se informa de las fechas y descripci\u00f3n escueta de la actividad a realizar o realizada incluida en los par\u00e1metros acordes con Monta\u00f1as de La Luna. Aunque en general las actividades pr\u00f3ximas son m\u00e1s dif\u00edciles de verificar y consolidar seg\u00fan condiciones en la realizaci\u00f3n de la misma, ya que pueden sufrir modificaciones, las actividades ya pasadas son fieles a lo realizado.[\/vc_column_text][vc_empty_space][vc_row_inner][vc_column_inner width=\u00bb1\/4&#8243;][\/vc_column_inner][vc_column_inner width=\u00bb1\/2&#8243;][vc_btn title=\u00bbEntrar\u00bb color=\u00bbprimary\u00bb align=\u00bbcenter\u00bb button_block=\u00bbtrue\u00bb link=\u00bburl:https%3A%2F%2Fwww.monta%C3%B1asdelaluna.es%2F%3Fpage_id%3D15020|title:Integral%20de%20Sierra%20Nevada\u00bb][\/vc_column_inner][vc_column_inner width=\u00bb1\/4&#8243;][\/vc_column_inner][\/vc_row_inner][vc_empty_space][\/vc_column][vc_column width=\u00bb1\/4&#8243;][vc_single_image image=\u00bb44346&#8243; img_size=\u00bbfull\u00bb css_animation=\u00bbpulse\u00bb][\/vc_column][\/vc_row][vc_row][vc_column][vc_empty_space height=\u00bb30px\u00bb]<div class=\"hr-thin style-line accent-border-color\" style=\"width: 100%;border-top-width: 1px;\"><\/div>[vc_empty_space height=\u00bb30px\u00bb][\/vc_column][\/vc_row][vc_row][vc_column width=\u00bb1\/4&#8243;][vc_single_image image=\u00bb39776&#8243; img_size=\u00bbfull\u00bb css_animation=\u00bbpulse\u00bb][vc_empty_space][\/vc_column][vc_column width=\u00bb1\/2&#8243;][vc_custom_heading text=\u00bbGuiaWeb\u00bb font_container=\u00bbtag:h2|text_align:center\u00bb use_theme_fonts=\u00bbyes\u00bb link=\u00bburl:https%3A%2F%2Fwww.monta%C3%B1asdelaluna.es%2F%3Fpage_id%3D34173|title:Integral%20de%20Sierra%20Nevada\u00bb][vc_empty_space][vc_column_text]Apartado creado para guiaros por Monta\u00f1as de La Luna de una manera pr\u00e1ctica y \u00fatil de forma que no solamente sea una web donde las fotograf\u00edas y relatos sean recuerdos y experiencias pasadas, si no que las pod\u00e1is hacer vuestras guiados por las explicaciones, croquis y ubicaciones. Encontrando de manera m\u00e1s r\u00e1pida la informaci\u00f3n que dese\u00e1is conocer y necesit\u00e9is.[\/vc_column_text][vc_empty_space][vc_row_inner][vc_column_inner width=\u00bb1\/4&#8243;][\/vc_column_inner][vc_column_inner width=\u00bb1\/2&#8243;][vc_btn title=\u00bbEntrar\u00bb color=\u00bbprimary\u00bb align=\u00bbcenter\u00bb button_block=\u00bbtrue\u00bb link=\u00bburl:https%3A%2F%2Fwww.monta%C3%B1asdelaluna.es%2F%3Fpage_id%3D34173|title:Integral%20de%20Sierra%20Nevada\u00bb][\/vc_column_inner][vc_column_inner width=\u00bb1\/4&#8243;][\/vc_column_inner][\/vc_row_inner][vc_empty_space][\/vc_column][vc_column width=\u00bb1\/4&#8243;][vc_single_image image=\u00bb30978&#8243; img_size=\u00bbfull\u00bb css_animation=\u00bbpulse\u00bb][\/vc_column][\/vc_row][vc_row][vc_column][\/vc_column][\/vc_row]<\/p>\n","protected":false},"excerpt":{"rendered":"<p>[vc_row][vc_column][vc_column_text]Ahora dejamos los relatos, diarios y gu\u00edas de las actividades realizadas y pasamos a desglosar otras secciones complementarias y no por eso menos importantes, que nos ayudaran mejor a navegar y descubrir otros aspectos de Monta\u00f1as de La Luna para el objeto el cual hemos entrado, ya sea de consulta, investigaci\u00f3n, admiraci\u00f3n o reconocimiento. Con&hellip;<\/p>\n","protected":false},"author":1,"featured_media":0,"parent":0,"menu_order":0,"comment_status":"closed","ping_status":"closed","template":"","meta":[],"class_list":["post-51431","page","type-page","status-publish","hentry","description-off"],"_links":{"self":[{"href":"https:\/\/www.monta\u00f1asdelaluna.es\/index.php?rest_route=\/wp\/v2\/pages\/51431","targetHints":{"allow":["GET"]}}],"collection":[{"href":"https:\/\/www.monta\u00f1asdelaluna.es\/index.php?rest_route=\/wp\/v2\/pages"}],"about":[{"href":"https:\/\/www.monta\u00f1asdelaluna.es\/index.php?rest_route=\/wp\/v2\/types\/page"}],"author":[{"embeddable":true,"href":"https:\/\/www.monta\u00f1asdelaluna.es\/index.php?rest_route=\/wp\/v2\/users\/1"}],"replies":[{"embeddable":true,"href":"https:\/\/www.monta\u00f1asdelaluna.es\/index.php?rest_route=%2Fwp%2Fv2%2Fcomments&post=51431"}],"version-history":[{"count":31,"href":"https:\/\/www.monta\u00f1asdelaluna.es\/index.php?rest_route=\/wp\/v2\/pages\/51431\/revisions"}],"predecessor-version":[{"id":51528,"href":"https:\/\/www.monta\u00f1asdelaluna.es\/index.php?rest_route=\/wp\/v2\/pages\/51431\/revisions\/51528"}],"wp:attachment":[{"href":"https:\/\/www.monta\u00f1asdelaluna.es\/index.php?rest_route=%2Fwp%2Fv2%2Fmedia&parent=51431"}],"curies":[{"name":"wp","href":"https:\/\/api.w.org\/{rel}","templated":true}]}}

https://www.montañasdelaluna.es/?page_id=51431

<p>[vc_row][vc_column][vc_column_text]Ahora dejamos los relatos, diarios y guías de las actividades realizadas y pasamos a desglosar otras secciones complementarias y no por eso menos importantes, que nos ayudaran mejor a navegar y descubrir otros aspectos de Montañas de La Luna para el objeto el cual hemos entrado, ya sea de consulta, investigación, admiración o reconocimiento. Con una breve indicación y explicación a pié de cada una.[/vc_column_text][vc_empty_space height=»30px»]<div class="hr-thin style-line accent-border-color" style="width: 100%;border-top-width: 1px;"></div>[vc_empty_space height=»30px»][/vc_column][/vc_row][vc_row][vc_column width=»1/4&#8243;][vc_single_image image=»49138&#8243; img_size=»full» css_animation=»pulse»][vc_empty_space][/vc_column][vc_column width=»1/2&#8243;][vc_custom_heading text=»Sobre Mí» font_container=»tag:h2|text_align:center» use_theme_fonts=»yes» link=»url:https%3A%2F%2Fwww.monta%C3%B1asdelaluna.es%2F%3Fpage_id%3D47109|title:Ascensiones%20y%20recorridos»][vc_empty_space][vc_column_text]Un pequeño recorrido y biografía resumidos del creador de Montañas de La Luna, José Joaquín Terrés García, desde sus inicios del montañismo en las montañas alicantinas y murcianas, hasta nuestros días. Se incluye las menciones en Alpinismo Romántico de algunos de los personajes, Mujeres y Hombres, que fueron de especial relevancia en la Historia del Montañismo y Alpinismo a nivel mundial, con una breve descripción o anécdota propia.[/vc_column_text][vc_empty_space][vc_row_inner][vc_column_inner width=»1/4&#8243;][/vc_column_inner][vc_column_inner width=»1/2&#8243;][vc_btn title=»Entrar» color=»primary» align=»center» button_block=»true» link=»url:https%3A%2F%2Fwww.monta%C3%B1asdelaluna.es%2F%3Fpage_id%3D47109|title:Ascensiones%20y%20recorridos»][/vc_column_inner][vc_column_inner width=»1/4&#8243;][/vc_column_inner][/vc_row_inner][vc_empty_space][/vc_column][vc_column width=»1/4&#8243;][vc_single_image image=»34124&#8243; img_size=»full» css_animation=»pulse»][/vc_column][/vc_row][vc_row][vc_column][vc_empty_space height=»30px»]<div class="hr-thin style-line accent-border-color" style="width: 100%;border-top-width: 1px;"></div>[vc_empty_space height=»30px»][/vc_column][/vc_row][vc_row][vc_column width=»1/4&#8243;][vc_single_image image=»46737&#8243; img_size=»full» css_animation=»pulse»][vc_empty_space][/vc_column][vc_column width=»1/2&#8243;][vc_custom_heading text=»Galería de Fotos» font_container=»tag:h2|text_align:center» use_theme_fonts=»yes» link=»url:https%3A%2F%2Fwww.monta%C3%B1asdelaluna.es%2F%3Fpage_id%3D47120|title:Integral%20de%20Sierra%20Nevada»][vc_empty_space][vc_column_text]Sección donde se recogen todas las fotos realizadas en las actividades y aventuras recogidas en los relatos, guías y visitas. Por lo general podréis encontrar una sola Galería por actividad pero también dos galerías por actividad en alguna ocasión. También dos tipos de galerías: las incluidas en la misma plataforma web, y otras enlazadas a otra plataforma web dedicadas a la exposición de fotografías.[/vc_column_text][vc_empty_space][vc_row_inner][vc_column_inner width=»1/4&#8243;][/vc_column_inner][vc_column_inner width=»1/2&#8243;][vc_btn title=»Entrar» color=»primary» align=»center» button_block=»true» link=»url:https%3A%2F%2Fwww.monta%C3%B1asdelaluna.es%2F%3Fpage_id%3D47120|title:Integral%20de%20Sierra%20Nevada»][/vc_column_inner][vc_column_inner width=»1/4&#8243;][/vc_column_inner][/vc_row_inner][vc_empty_space][/vc_column][vc_column width=»1/4&#8243;][vc_single_image image=»39376&#8243; img_size=»full» css_animation=»pulse»][/vc_column][/vc_row][vc_row][vc_column][vc_empty_space height=»30px»]<div class="hr-thin style-line accent-border-color" style="width: 100%;border-top-width: 1px;"></div>[vc_empty_space height=»30px»][/vc_column][/vc_row][vc_row][vc_column width=»1/4&#8243;][vc_single_image image=»37127&#8243; img_size=»full» css_animation=»pulse»][vc_empty_space][/vc_column][vc_column width=»1/2&#8243;][vc_custom_heading text=»Filmoteca» font_container=»tag:h2|text_align:center» use_theme_fonts=»yes» link=»url:https%3A%2F%2Fwww.monta%C3%B1asdelaluna.es%2F%3Fpage_id%3D39611|title:Integral%20de%20Sierra%20Nevada»][vc_empty_space][vc_column_text]Sección dedicada a las diferentes filmaciones, videos o proyecciones realizadas por las cámaras de fotos o móviles de forma sencilla y sin editar profesionalmente, realizadas en las actividades y aventuras recogidas en los relatos, guías y visitas. Éstas están subidas a una plataforma dedicada a la función de mostrar videos, filmaciones o películas de forma segura y funcional.[/vc_column_text][vc_empty_space][vc_row_inner][vc_column_inner width=»1/4&#8243;][/vc_column_inner][vc_column_inner width=»1/2&#8243;][vc_btn title=»Entrar» color=»primary» align=»center» button_block=»true» link=»url:https%3A%2F%2Fwww.monta%C3%B1asdelaluna.es%2F%3Fpage_id%3D39611|title:Integral%20de%20Sierra%20Nevada»][/vc_column_inner][vc_column_inner width=»1/4&#8243;][/vc_column_inner][/vc_row_inner][vc_empty_space][/vc_column][vc_column width=»1/4&#8243;][vc_single_image image=»51425&#8243; img_size=»full» css_animation=»pulse»][/vc_column][/vc_row][vc_row][vc_column][vc_empty_space height=»30px»]<div class="hr-thin style-line accent-border-color" style="width: 100%;border-top-width: 1px;"></div>[vc_empty_space height=»30px»][/vc_column][/vc_row][vc_row][vc_column width=»1/4&#8243;][vc_single_image image=»26205&#8243; img_size=»full» css_animation=»pulse»][vc_empty_space][/vc_column][vc_column width=»1/2&#8243;][vc_custom_heading text=»Reseñas» font_container=»tag:h2|text_align:center» use_theme_fonts=»yes» link=»url:https%3A%2F%2Fwww.monta%C3%B1asdelaluna.es%2F%3Fpage_id%3D15020|title:Integral%20de%20Sierra%20Nevada»][vc_empty_space][vc_column_text]Localización y pequeña descripción con fotos y accesos de los diferentes puntos, lugares, rincones que aparecen nombrados de forma relevante en las actividades y aventuras recogidas en los relatos, guías y visitas. Con la función de guiarnos a la hora de realizar la misma o parecida actividad o visita descrita.[/vc_column_text][vc_empty_space][vc_row_inner][vc_column_inner width=»1/4&#8243;][/vc_column_inner][vc_column_inner width=»1/2&#8243;][vc_btn title=»Entrar» color=»primary» align=»center» button_block=»true» link=»url:https%3A%2F%2Fwww.monta%C3%B1asdelaluna.es%2F%3Fpage_id%3D15020|title:Integral%20de%20Sierra%20Nevada»][/vc_column_inner][vc_column_inner width=»1/4&#8243;][/vc_column_inner][/vc_row_inner][vc_empty_space][/vc_column][vc_column width=»1/4&#8243;][vc_single_image image=»24019&#8243; img_size=»full» css_animation=»pulse»][/vc_column][/vc_row][vc_row][vc_column][vc_empty_space height=»30px»]<div class="hr-thin style-line accent-border-color" style="width: 100%;border-top-width: 1px;"></div>[vc_empty_space height=»30px»][/vc_column][/vc_row][vc_row][vc_column width=»1/4&#8243;][vc_single_image image=»40284&#8243; img_size=»full» css_animation=»pulse»][vc_empty_space][/vc_column][vc_column width=»1/2&#8243;][vc_custom_heading text=»Calendario de Actividades» font_container=»tag:h2|text_align:center» use_theme_fonts=»yes» link=»url:https%3A%2F%2Fwww.monta%C3%B1asdelaluna.es%2F%3Fpage_id%3D15070|title:Integral%20de%20Sierra%20Nevada»][vc_empty_space][vc_column_text]Calendario donde se informa de las fechas y descripción escueta de la actividad a realizar o realizada incluida en los parámetros acordes con Montañas de La Luna. Aunque en general las actividades próximas son más difíciles de verificar y consolidar según condiciones en la realización de la misma, ya que pueden sufrir modificaciones, las actividades ya pasadas son fieles a lo realizado.[/vc_column_text][vc_empty_space][vc_row_inner][vc_column_inner width=»1/4&#8243;][/vc_column_inner][vc_column_inner width=»1/2&#8243;][vc_btn title=»Entrar» color=»primary» align=»center» button_block=»true» link=»url:https%3A%2F%2Fwww.monta%C3%B1asdelaluna.es%2F%3Fpage_id%3D15020|title:Integral%20de%20Sierra%20Nevada»][/vc_column_inner][vc_column_inner width=»1/4&#8243;][/vc_column_inner][/vc_row_inner][vc_empty_space][/vc_column][vc_column width=»1/4&#8243;][vc_single_image image=»44346&#8243; img_size=»full» css_animation=»pulse»][/vc_column][/vc_row][vc_row][vc_column][vc_empty_space height=»30px»]<div class="hr-thin style-line accent-border-color" style="width: 100%;border-top-width: 1px;"></div>[vc_empty_space height=»30px»][/vc_column][/vc_row][vc_row][vc_column width=»1/4&#8243;][vc_single_image image=»39776&#8243; img_size=»full» css_animation=»pulse»][vc_empty_space][/vc_column][vc_column width=»1/2&#8243;][vc_custom_heading text=»GuiaWeb» font_container=»tag:h2|text_align:center» use_theme_fonts=»yes» link=»url:https%3A%2F%2Fwww.monta%C3%B1asdelaluna.es%2F%3Fpage_id%3D34173|title:Integral%20de%20Sierra%20Nevada»][vc_empty_space][vc_column_text]Apartado creado para guiaros por Montañas de La Luna de una manera práctica y útil de forma que no solamente sea una web donde las fotografías y relatos sean recuerdos y experiencias pasadas, si no que las podáis hacer vuestras guiados por las explicaciones, croquis y ubicaciones. Encontrando de manera más rápida la información que deseáis conocer y necesitéis.[/vc_column_text][vc_empty_space][vc_row_inner][vc_column_inner width=»1/4&#8243;][/vc_column_inner][vc_column_inner width=»1/2&#8243;][vc_btn title=»Entrar» color=»primary» align=»center» button_block=»true» link=»url:https%3A%2F%2Fwww.monta%C3%B1asdelaluna.es%2F%3Fpage_id%3D34173|title:Integral%20de%20Sierra%20Nevada»][/vc_column_inner][vc_column_inner width=»1/4&#8243;][/vc_column_inner][/vc_row_inner][vc_empty_space][/vc_column][vc_column width=»1/4&#8243;][vc_single_image image=»30978&#8243; img_size=»full» css_animation=»pulse»][/vc_column][/vc_row][vc_row][vc_column][/vc_column][/vc_row]</p>

<p>[vc_row][vc_column][vc_column_text]Ahora dejamos los relatos, diarios y guías de las actividades realizadas y pasamos a desglosar otras secciones complementarias y no por eso menos importantes, que nos ayudaran mejor a navegar y descubrir otros aspectos de Montañas de La Luna para el objeto el cual hemos entrado, ya sea de consulta, investigación, admiración o reconocimiento. Con&hellip;</p>

https://www.montañasdelaluna.es/index.php?rest_route=/wp/v2/pages/51431

https://www.montañasdelaluna.es/index.php?rest_route=/wp/v2/pages

https://www.montañasdelaluna.es/index.php?rest_route=/wp/v2/types/page

https://www.montañasdelaluna.es/index.php?rest_route=/wp/v2/users/1

https://www.montañasdelaluna.es/index.php?rest_route=%2Fwp%2Fv2%2Fcomments&post=51431

https://www.montañasdelaluna.es/index.php?rest_route=/wp/v2/pages/51431/revisions

https://www.montañasdelaluna.es/index.php?rest_route=/wp/v2/pages/51431/revisions/51528

https://www.montañasdelaluna.es/index.php?rest_route=%2Fwp%2Fv2%2Fmedia&parent=51431
